-w + 6. Let s be f(9). What is t(s)?
8
Let t be (10/15)/(2/(-6)). Let a(l) = -l**3 + 4*l**2 + 6*l. Let y be a(5). Let m(s) = 3*s**2 + 4*s**3 - y*s**3 + 3*s**3 - 1. Give m(t).
-5
Let x(m) = m**3 - 4*m + 3. Suppose -14 = -2*r - 2*z - 0*z, 3*r - 1 = z. Determine x(r).
3
Let t = -19 + 14. Suppose 2*h - h - 11 = 3*c, -4*h - 2*c + 2 = 0. Let j(o) = -o - 2 + h. Give j(t).
5
Let m(b) = -9*b + 2. Let o(w) = -5*w + 1. Let l(g) = 4*m(g) - 7*o(g). Determine l(3).
-2
Let b be -3 + 6*(-8)/(-6). Suppose m + 4*y + 23 = 0, 5*m = y - 5 - b. Let r be 8/(-12)*m/2. Let a(s) = -5*s**3 + 2*s - 1. Calculate a(r).
-4
Let y(q) be the first derivative of 1/3*q**3 + 3*q - 2*q**2 - 2. Determine y(3).
0
Let g(x) be the second derivative of -x**2 + 1/12*x**4 + 1/3*x**3 - x + 0. What is g(-3)?
1
Suppose 2*k - 40 = -n - 7, 5*n - 53 = -3*k. Let b = k + -14. Let h(l) = -2*l**3 + 2*l + 1. Calculate h(b).
-11
Let q(n) be the first derivative of 1/6*n**3 - n + 5/2*n**2 - 1. Let j(a) be the first derivative of q(a). Give j(4).
9
Let a(y) = -7*y + 24. Let k be a(4). Let o(q) be the second derivative of q**4/12 + 5*q**3/6 + q**2/2 + 2*q. Give o(k).
-3
Let k(l) = l**2 + 4*l + 9. Let q(x) = x. Let p(t) = k(t) + 3*q(t). Let d be p(-6). Let u(y) = 0*y**3 + 4*y**2 + d*y + 7 - 4*y**3 + 3*y**3. Give u(5).
-3
Suppose -4*g - 1 = 7. Let p(i) = -4*i**3 - 3*i**2 - 2*i - 3. What is p(g)?
21
Let i = -53/2 + 27. Let h(v) be the first derivative of v + 2 + 1/3*v**3 + i*v**2 - v**4. Calculate h(-1).
5
Let x(o) = -5*o - 2. Let i(t) = -2*t - 1. Let a(p) = 13*i(p) - 6*x(p). Calculate a(-1).
-5
Let s be (2/1)/(1/(-2)). Let r(x) = -x**2 - 5*x - 2. Let u be r(s). Let f(q) = 2 - 3*q + 7*q + 9*q**2 - 4 - 10*q**2. Calculate f(u).
2
Let o(k) be the third derivative of 1/12*k**4 + 0*k + 0 - 1/120*k**6 - 1/20*k**5 + 0*k**3 - k**2. Suppose 0 = 3*x + 6 + 3. Determine o(x).
-6
Let g be (-9)/(-2)*14/21. Suppose 0 = -5*o + 2*q + g*q + 40, -12 = -o + 2*q. Let i(r) = 2*r**2 - 1 - 1 - 3*r**2 + 5*r. What is i(o)?
2
Let g(u) be the first derivative of u**5/120 + 7*u**4/24 + 4*u**3/3 - 5. Let f(l) be the third derivative of g(l). Determine f(-6).
1
Let g(u) = -u + 2. Suppose 0 = 2*z - 3*s, 1 = -s + 3. What is g(z)?
-1
Let k(f) = 8*f. Suppose -6 = -p + 2. Let g be ((-2)/p)/((-1)/(-4)). Give k(g).
-8
Let f(d) = 5*d + 1. Let g be 1/3*(8 + -11). What is f(g)?
-4
Suppose -2*m - 3*m = 0. Let u(l) = l**2 - 6*l + m*l - 5 + l. What is u(6)?
1
Let r be 1 + (2 - (-1 + 3)). Let o(y) = 7*y**2 - 4*y**2 + 4*y - r - 2*y. Calculate o(-2).
7
Let r(x) be the first derivative of -3*x**2/2 + x + 6. Give r(-4).
13
Let s(u) = -u**2 - 9*u - 7. Let m(d) = -d - 8. Let j be m(-3). Calculate s(j).
13
Let r(f) = f. Let v be r(1). Let d be -1 + 2 - (-1 + v). Let a(i) = -5*i**3 + i - 3*i**2 - 1 + 0*i**3 + 4*i**2. Calculate a(d).
-4
Suppose -7 = -r + 2*r. Let g = 9 + r. Suppose 0 = -6*s + g*s + 4*n - 8, -3*n = -s - 4. Let h(k) = 5*k + 1. Calculate h(s).
-4
Let g be (2/(-4))/(2/(-20)). Suppose 2 = g*z - 18. Let m(y) = 3 - 4 - z*y**3 - y**3. What is m(1)?
-6
Suppose 3 = -k + 5. Suppose 8 = -5*z - 2*l, -k*z + 0*z = -4*l + 8. Let a(x) = 4*x + 1. Calculate a(z).
-7
Suppose 3*i = 5*i - 4. Let o(u) = 2*u - u**i - u - 3*u. What is o(-3)?
-3
Let y(m) = 10*m - 4. Let f(n) = -40*n + 15. Let a(v) = -4*f(v) - 15*y(v). Give a(1).
10
Let y(o) = 5*o**2 - 2*o - 2 - o**3 - o**2 + 7*o. Suppose 0 = -k - 2 + 3. Let g(q) = q**3 + q**2. Let l(a) = k*y(a) + 2*g(a). What is l(-5)?
-2
Let i be 2 + 2 - (0 - 1). Let k = -13 - -16. Let c(o) = o + 3*o**k + i + 5*o**2 - 2*o**3 - 3. Determine c(-5).
-3
Let g(v) = v + 5*v + 4 - 8*v. Determine g(4).
-4
Let y(u) = 4*u - 2. Let h be y(2). Let k(m) = m**3 - 7*m**2 + 5*m + 1. Determine k(h).
-5
Let q(h) = -7*h**2 - 8 + 0*h**2 - 3*h + 6 - h**3. Let i(d) = -5*d**3 - 36*d**2 - 14*d - 10. Let c(m) = -2*i(m) + 11*q(m). Give c(-3).
-5
Let v = 2 - -3. Suppose -5 + 15 = -v*w, -5*u + 2*w - 6 = 0. Let c(x) = x**3 + 4*x**2 + x - 2. Calculate c(u).
4
Let i(d) = d + 2. Let q(y) = y - 10. Let v(o) = 3*o - 30. Let a(b) = -7*q(b) + 2*v(b). Let u be a(10). Determine i(u).
2
Let x(o) = 5*o**2 - 2*o + 1. Let w(v) = -11*v**2 + 3*v - 2. Let r(f) = -3*w(f) - 7*x(f). What is r(4)?
-13
Let l = 2 - -2. Suppose -25 = -4*v + 5*s, -8 = l*v + s - 3. Let n(h) = -h**2 + 7. Give n(v).
7
Let f(l) be the third derivative of -1/60*l**5 + 0*l + 1/2*l**3 - 1/8*l**4 + 0 - 3*l**2. Give f(-5).
-7
Let p(f) = f**2 - 3*f - 1. Let l = 52 + -50. What is p(l)?
-3
Let n(x) = -10*x**3 - x**2. Let f be n(-1). Suppose -f = 5*z + 11. Let s(m) = -m**3 - 5*m**2 - 2*m + 1. Determine s(z).
-7
Let l(u) = u**2 - 8*u + 6. Let f(w) = -w**3 + 7*w**2 + 10*w - 12. Let q be f(8). Let b be q/(-20) + (-52)/(-10). Determine l(b).
-9
Let c(h) = h**2 - h - 7. Let o(d) = -d - 16. Let n be o(-16). Suppose n*s = -3*s. Determine c(s).
-7
Let y(f) be the second derivative of -f**5/20 + f**3/3 + 11*f. What is y(2)?
-4
Suppose -3*y = -2 + 5. Let b(n) = 3*n**3 + n - 7*n**3 - 2*n. Let g be b(y). Let p(m) = -m**3 + 6*m**2 - 6*m + 3. Give p(g).
-2
Let b(r) = -13*r - 1 + 2*r**2 + 20*r - 7*r. Give b(2).
7
Let g(h) be the second derivative of -2*h - 1/4*h**4 + 0 + 5/6*h**3 - 1/20*h**5 + 3/2*h**2. Calculate g(-4).
-1
Let q(x) = -x**2 - 7*x - 4. Let f be q(-7). Let a = -2 - f. Let g(n) = -a*n**3 - n + 3*n**3 - 1 - 4*n**2 + 2*n. Determine g(4).
3
Let c(q) = q**3 + 9*q**2 + 10*q + 11. Let k be c(-8). Suppose -z - 4*j + 21 = 0, -5*z + 2*z - 4*j + 39 = 0. Let g(l) = -l**2 - 9 - 6*l + z. What is g(k)?
5
Let w be (-1 - (-10)/6)*6. Suppose w*s + 5 = 25. Suppose 3*m = -a + 13, 0 = 4*m - 0*m - s*a - 11. Let h(k) = k**2 - 6*k + 5. Give h(m).
-3
Let l(p) = 2*p + 12. Suppose -r - 20 = 4*a, -4*a + 0 = 4*r + 8. Let f = -2 - a. Let v(i) = -i - 6. Let g(n) = f*l(n) + 9*v(n). What is g(0)?
-6
Let d = -20 + 12. Let r(t) = -t - 9. Let b be r(d). Let z(h) = -4*h - 1. Let y(w) = 15*w + 4. Let s(o) = 2*y(o) + 9*z(o). Determine s(b).
5
Let u = 23 + -18. Let b(h) = -2*h - 1. Determine b(u).
-11
Let u(r) = r**3 + 2*r**2 - 4*r + 1. Suppose 0 = -4*j + 3*w - 1 - 5, 3*j - 3*w = -3. What is u(j)?
4
Let m(s) be the first derivative of s**5/60 + 5*s**4/24 - s**3 - s**2/2 - 1. Let j(o) be the second derivative of m(o). Suppose -26 = 4*y - 6. Give j(y).
-6
Suppose -2*i + h = -i, 0 = -3*i + 2*h + 1. Let z(f) be the second derivative of -f**5/4 - f**3/6 + f**2/2 + f - 2. Calculate z(i).
-5
Suppose -4*l + 10 = -9*l. Let j(n) = -2*n**3 - 4*n**2 - 2*n + 1. Calculate j(l).
5
Let v(n) = -n**2 - 8*n + 9. Let c be (-11)/1 + 5 - (-9)/(-3). Calculate v(c).
0
Let f(k) be the third derivative of -k**6/120 - k**5/30 + k**4/12 + k**3/6 - 2*k**2. Let d(n) = n**2 + 7*n - 3. Let u = 10 - 17. Let m be d(u). What is f(m)?
4
Let y(q) = q**3 - q**2 - 4*q + 3. Suppose 8*x + 2*b = 7*x + 4, 0 = -x - 3*b + 5. Determine y(x).
-1
Let p(r) = -3*r**3 + 5*r**2 + 3*r - 1. Let b be p(-1). Let i(v) = 3*v - 5. Give i(b).
7
Let y(v) = -4*v - 6. Let l(a) = -a**3 + 7*a**2 - a + 3. Let q be l(7). Give y(q).
10
Let w = -12 + 9. Let c(k) = 16 - 2*k - 16. Calculate c(w).
6
Let y(r) = r**3 - r**2 - 4*r - 2. Let x be y(-1). Let s(c) = c + 19. Give s(x).
19
Suppose 2*g - g - 2 = 0. Let c(z) = g*z**2 - z**2 + 1 - 4*z - 3. Suppose -12 = -5*b + 8. Give c(b).
-2
Let s(o) = 5 + 2*o + 2*o - 2. Calculate s(-2).
-5
Let p(s) = s + 10. Let x be p(-8). Suppose 0 = -v - x*v - 9. Let k(b) = b**3 + 2*b**2 - 3*b + 2. Determine k(v).
2
Let m(a) be the third derivative of a**7/2520 - a**6/180 + a**5/30 - a**4/8 + a**2. Let b(d) be the second derivative of m(d). Calculate b(4).
4
Let h = 33 + -20. Let o(s) = -10*s - 2*s**2 + h*s + 3*s**2. Calculate o(-4).
4
Let k(u) = 15 - u - 32 + 3*u + 13. Determine k(-3).
-10
Let y(t) = t**2 - t. Let z(a) = a**2 + 5*a - 9. Let w(d) = 2*y(d) - z(d). Calculate w(6).
3
Let l(h) = -2*h - 5. Let w(i) = -i**2 - i - 1. Let x(s) = l(s) - 4*w(s). Let r be -1*2/(-3)*3. Let b = -1 + r. What is x(b)?
5
Let d(y) = 2*y**3 - 3*y**2 + 2*y - 3. Suppose -r - 28 = -8. Let p be (-11)/(-5) + 4/r. Determine d(p).
5
Let d(v) = 3*v - 1. Let p(i) = i - 1. Let w = -7 - -11. Let b(r) = w*p(r) - d(r). Give b(6).
3
Let h(x) = 63 + 66 - 125 - 2*x. Determine h(-6).
16
Let q(g) = -2*g**3 - 7*g**2 + 12*g - 5. Let b(d) = d**3 + 4*d**2 - 6*d + 2. Let r(m) = -5*b(m) - 2*q(m). Determine r(-7).
7
Let d = 6 + -9. Le